Let o(x) = -25 + 3460*x**3 - 25*x**2 + 6*x - 20*x - 20 - 3462*x**3 + 8. Give o(-12).
-13
Let x(u) be the second derivative of u**5/20 + u**4 + 5*u**3/2 + 13*u**2/2 - 4228*u. Give x(-11).
-31
Suppose 0 = -29*s - 3*p - 10 - 246, 40 = -s - 4*p. Let z(r) = 10 + 6*r + 3*r + r**2 + 2*r. What is z(s)?
-14
Let l(m) = m**3 + 9*m**2 - 10*m - 10. Let p(j) = -3*j**2 + 12 + 5*j**2 - 9*j - 3*j**2. Let v be 12/21 + 370/(-35) + -1. Let a be p(v). Determine l(a).
-10
Let u(l) = -16*l + 227 - 3*l + 5*l - 248 + l**2. Give u(15).
-6
Let d = -227 - -225. Let g = d - 8. Let m(r) = 2*r + 4. Determine m(g).
-16
Let n(f) = f**2 + 16 + 39 - 50*f + 19*f + 47*f + 4. Determine n(-10).
-1
Let x be (1512/(-180))/((-85)/25 + 3). Let y(b) = b + 35. Give y(x).
56
Let w(p) = -52*p + 42. Let x(l) = 68*l - 87. Let m(s) = 5*w(s) + 3*x(s). Determine m(-1).
5
Let a(q) = 0*q**2 + 5 - 10*q - q**2 + 0*q**2. Let w(i) = i**2 + 11*i - 5. Let t(f) = 5*a(f) + 4*w(f). Let c be (-3)/(-3) + 6 - 12. Give t(c).
10
Let z(k) = 88*k**2 - 5*k + 221. Let a(q) = -29*q**2 + 2*q - 63. Let j(m) = -7*a(m) - 2*z(m). Determine j(-2).
115
Let f(y) be the first derivative of y**4/4 + 3*y**2/2 + 5*y - 7672. Calculate f(0).
5
Let n be ((-16)/14)/4 + (-792)/168. Let p be n*((3 + -4 - -3) + -3). Let v(c) = c**3 - 4*c**2 - 2*c - 7. Give v(p).
8
Let p(q) = -6*q**2 + 4*q + 1. Let a(z) = -399*z - 5185. Let m be a(-13). Determine p(m).
-15
Let z(h) be the third derivative of h**6/120 + 17*h**5/60 - 47*h**4/8 + h**3 + h**2 + 321. What is z(6)?
-12
Let u = 11635 - 11637. Let c(h) = 9*h**2 + h + 2. What is c(u)?
36
Let f be (-2)/5*(75/6)/5. Let s(i) = -7*i - 14. Calculate s(f).
-7
Let o(q) = -59*q + 6*q**2 + q**3 - 66*q - 197 + 112*q + 116. Give o(-6).
-3
Let m(v) = -v**3 + 4*v - 5*v - 4*v**2 + 0*v**2 + 9. Let k be m(-3). Let d(y) = 6*y + y + k*y + 4*y. Give d(-1).
-14
Let f(a) = -a**3 + 3*a**2 - 2*a + 1. Let w = 132 - 108. Let j be 70/(-4)*w/15. Let g = j + 31. Calculate f(g).
-5
Let c(v) be the third derivative of 1/20*v**5 + 1/3*v**3 + 0*v + 1/12*v**4 + 17*v**2 + 0 - 1/120*v**6. What is c(4)?
-6
Let a = -1899 - -1895. Let m(z) = 7*z - 4. What is m(a)?
-32
Let r = -319 + 321. Suppose r*b - 2 - 2 = -2*u, -4*u = 2*b - 8. Let g(s) = -2 - s**2 - 4 - 1 + s. Calculate g(b).
-7
Let i(z) = 4*z**3 - 3*z**2 + 4*z + 8. Let k(j) = -5*j + j**3 + 3*j**2 + 55 - 64 - 6*j**3. Let b(d) = 7*i(d) + 6*k(d). What is b(-2)?
10
Suppose 5*i + 22 - 32 = 0. Let h be (-3)/i*(-4 + 48/(-9)). Suppose 49 = -7*o + h. Let n(q) = -q**2 - 6*q + 2. Give n(o).
7
Suppose -n = -0*n + 3. Let f(u) be the second derivative of u**4/12 + u**3 + 2*u**2 - u + 1455. Calculate f(n).
-5
Suppose s - 53 = 2*q, 8 = -2*s - 2*q + 102. Let z = -49 + s. Let b(m) = -m + 7. Calculate b(z).
7
Suppose 0*y - 2*y = 0. Let m(w) be the first derivative of w**2/2 - 3*w + 496. Calculate m(y).
-3
Suppose -1757 - 1309 = 6*w. Let c = 514 + w. Let y(f) = f**3 - 3*f**2. Determine y(c).
0
Let y(i) = i + 2. Let a(l) = 7*l - 5. Let v(n) = 2*n + 3. Let d be v(-2). Let b(z) = d*a(z) + 6*y(z). Suppose -2*r - r = -r. Calculate b(r).
17
Let t(v) = 7*v + 22. Let u be t(-7). Let z = 22 - u. Let g = z - 59. Let n(i) = -i - 14. Calculate n(g).
-4
Suppose -213 = -16*j - 21. Let x(z) = 8*z - 98. Calculate x(j).
-2
Let w(d) = d**2. Let q(f) = -20*f - 33. Let m be q(-15). Let j = -268 + m. Give w(j).
1
Let n(l) = 13*l + 58. Suppose 0 = -5*o + 2*m - 28, 90*m - 92*m + 4 = o. What is n(o)?
6
Let d = 154 + -166. Let a be d/(-9)*1*(-6)/(-4). Let w(r) = 10*r + 2. Calculate w(a).
22
Suppose -2*u - 3*j - 2 + 3 = 0, 3*j = -3. Let m(g) = 47*g**2 - 46*g**u + 4 + 4 - 8*g. What is m(6)?
-4
Let j(d) = 8*d + 24. Let h be j(-3). Suppose h = -2*l - 3*k - 1, -l + k - 7 = -4*k. Let v(w) = -9*w. Determine v(l).
18
Suppose -2*u + 2 = 0, 1 = 9*g - 10*g - 4*u. Let r be 2 + 0 - (g + -2 - -7). Let a(i) = 6*i - 7. Determine a(r).
5
Let m = 10582 + -10579. Let g(x) be the second derivative of -x**4/12 + 2*x**3/3 - 4*x**2 + 4*x. Determine g(m).
-5
Let c(j) = 2*j - 2*j + 3 + 2*j. Let w be c(-5). Let y(d) = 7*d**2 + 6*d + 8. Let n(r) = 3*r**2 + 4*r + 3. Let x(s) = 5*n(s) - 2*y(s). Calculate x(w).
-8
Let j(h) = 22*h - 42. Let k(g) = 153*g - 314. Let u(a) = 15*j(a) - 2*k(a). Calculate u(-3).
-74
Let g be 6 - (6/(-4))/((-14)/56). Let t(w) be the first derivative of w**2/2 - 1. Calculate t(g).
0
Let b(y) = y**2 - 3*y + 31. Let r be b(0). Let a be 1*(34/(-6) - -4)*-3. Let l(c) = c**2 - 7*c**2 + 32*c + a - r*c + c**3. Determine l(6).
11
Let v(t) = -47*t**2 + 129*t**2 + 19*t**2 + 14*t + 37 - 53*t**2 - 50*t**2. Determine v(8).
21
Let p = 158 - 146. Let b(y) = -18 + 7 - p*y + 8*y + 3*y - y**2. Determine b(0).
-11
Let w(k) = 71*k - 7. Let u(t) = -5*t - 109. Let b be u(-22). What is w(b)?
64
Let s(l) be the second derivative of l**6/180 - l**5/24 - 21*l**4/2 - 2*l + 63. Let g(t) be the third derivative of s(t). What is g(3)?
7
Suppose 2*f = 2 + 2. Let r(z) = 3*z. Let h(j) = -1. Let g(n) = f*h(n) + 2*r(n). Determine g(-1).
-8
Let p(r) = r. Let i be (((-8)/(-2))/(-4))/(5/30). Let q be p(i). Let v be (((-28)/q)/((-18)/(-27)))/(-1). Let f(w) = w - 3. Calculate f(v).
-10
Let w(t) be the second derivative of -58*t**3/3 - 697*t**2/2 - 162*t + 18. What is w(-6)?
-1
Suppose z + 9 = 13. Suppose -9 = 3*r, -2*q - 5*r = z - 13. Let a(y) = -y + 12. Calculate a(q).
0
Let n(d) be the second derivative of -d**5/20 + 17*d. Let s be (-7)/(140/(-16))*40. Let w = -33 + s. What is n(w)?
1
Let u(l) = -12*l + 10. Suppose -20 = 19*y + 94. Determine u(y).
82
Let u(t) be the third derivative of t**6/120 - 2*t**5/15 + t**4/3 - t**3/3 - 3*t**2 - 168*t + 1. Calculate u(4).
-34
Let f(q) = -q**3 - 6*q**2 + 4*q - 10. Let j = 206 + -148. Suppose -6*o = -3*g - o + 178, 4*g + 5*o - 179 = 0. Let t = g - j. Give f(t).
11
Let y = 98 + -205. Let p = 37 - y. Let x be 32/p + 50/18. Let v(g) = g**3 - 4*g**2 + 5*g - 4. Determine v(x).
2
Let d(n) be the second derivative of n**4/12 + 3*n**3/2 - 21*n**2/2 - n + 1. Give d(-10).
-11
Let j(s) be the third derivative of -4 + 7*s**2 + 1/6*s**4 - 5/6*s**3 + 0*s. Give j(3).
7
Let g(i) be the third derivative of i**6/720 - i**5/40 + 11*i**4/6 + i**2 + 3. Let y(j) be the second derivative of g(j). Determine y(5).
2
Let i = -16483 + 16474. Let w(d) = -d**3 - 8*d**2 + 22*d + 120. Give w(i).
3
Let a be (((-372)/(-9))/31)/(2/(-6)). Let w(h) = h**2 + 15*h + 24. Calculate w(a).
-20
Let d(l) = -l**2 - 7*l - 4. Let c = -32 - -61. Suppose 4*n - 7*k - c = -10*k, -2*n + 37 = -3*k. Let g(s) = s**2 - 10*s - 16. Let w be g(n). Calculate d(w).
6
Let r(w) = 2*w - 15. Let m = -599 + 640. Suppose 10*l - m = 9. Calculate r(l).
-5
Let y(w) = 13*w - 15. Let b = -4941 + 4939. Calculate y(b).
-41
Let n = -6895 + 6902. Let z(m) = -m**3 + m**2 + 43*m - 3. What is z(n)?
4
Let o(h) = 17*h**2 - 18*h - 25. Let j(q) = -14*q**2 + 16*q + 22. Let f(p) = 6*j(p) + 5*o(p). Give f(-2).
-1
Let x = 8 + -9. Let q(d) = 8*d + 2. Let i(t) = t**3 + 9*t**2 - 11*t - 13. Let r be i(-10). Let u(o) = -o - 1. Let z(b) = r*u(b) + x*q(b). Calculate z(3).
-14
Let d(y) be the second derivative of 0 + 1/2*y**3 - 2*y - y**2. Let v = 61 - 59. What is d(v)?
4
Let l(b) = -89 - 168*b**2 + 2*b**3 - 102 + 156 + 143*b**2 + 14*b. Calculate l(12).
-11
Suppose -18*k - 22 + 76 = 0. Let o(g) = -5*g**2 + 27*g**3 - 9*g + 2 + 0 + 1 - 1 - 26*g**k. Calculate o(6).
-16
Let c(o) = 306*o - 100*o - 104 - 105*o - 97*o. Determine c(25).
-4
Let m(o) = 3*o**2 - 4*o + 3. Let r be (-44)/(-77)*(5/10 + 3). Give m(r).
7
Let a(g) be the second derivative of -g**6/360 + g**5/15 - 3*g**4/8 + g**3/6 + 9*g**2/2 - 2*g + 7. Let o(q) be the second derivative of a(q). Calculate o(7).
-2
Let j(l) = l**2 + 9*l - 64. Let m be j(7). Suppose 933*z = 927*z + m. Let a(o) = o**2 - 10*o + 16. Give a(z).
0
Let u(o) = -43*o**3 + 1665*o + 40*o**3 - 1 + o**2 - 832*o - 833*o. Let z be (-50)/(-18) - (-2)/9. Let b = -4 + z. Calculate u(b).
3
Let h be (-25 + 15)/(-1 - 1/1). Suppose 2*t - h*y + 8 + 7 = 0, -5*y + 15 = t. Let w(g) = -g + 6 + t - 7. What is w(2)?
-3
Let o(h) be the third derivative of -h**5/30 - h**4/24 - 21*h**2. Let j = 462 + -464. Calculate o(j).
-6
Let r(w) = -74*w + 395 - 2*w + 22*w + 14*w + 7*w. Determine r(12).
-1
Let t(j) = -9103 + 10*j - j**2 + j - 9059 + 18210. Calculate t(14).
6
Let f(v) = 8253 + 8160 - 8*v - 16344. What is f(6)?
